at is 212 + -3?
205
In base 4, what is 1 - -1132?
1133
In base 7, what is 6 - 6035?
-6026
In base 7, what is -105 + -4?
-112
In base 6, what is -5 + 231?
222
In base 11, what is 3 + 345?
348
In base 15, what is -169 + -4?
-16d
In base 4, what is 1111 - -11?
1122
In base 13, what is 234 - -28?
25c
In base 15, what is -4 + d?
9
In base 2, what is 1111000 - -10110?
10001110
In base 5, what is 3442 - 4?
3433
In base 3, what is 101 + -10021?
-2220
In base 4, what is 12 - -1330?
2002
In base 9, what is 0 + 73?
73
In base 9, what is 4 - -12113?
12117
In base 16, what is -3 + -2a?
-2d
In base 3, what is 2 - 121?
-112
In base 12, what is -3b3 - -2?
-3b1
In base 4, what is -11110 + 0?
-11110
In base 11, what is -625 + -6?
-630
In base 16, what is -10a + 2?
-108
In base 5, what is -44 + 33?
-11
In base 5, what is -2411 - 3?
-2414
In base 2, what is 0 + 1010101111?
1010101111
In base 3, what is -11 + 110021021?
110021010
In base 3, what is 2021 - -1?
2022
In base 15, what is 2 - -39e?
3a1
In base 10, what is -23 - 491?
-514
In base 2, what is -10000010000 - -10?
-10000001110
In base 4, what is 0 + -21?
-21
In base 2, what is 0 - 101000001?
-101000001
In base 4, what is -131322 - 10?
-131332
In base 11, what is -549 - -5?
-544
In base 6, what is -11 + 552?
541
In base 8, what is -5 - 16?
-23
In base 15, what is -1e - -e?
-10
In base 6, what is -5 + -20?
-25
In base 12, what is 13 - 23?
-10
In base 16, what is -1 - -607?
606
In base 10, what is -2 + 309?
307
In base 6, what is 40 - 10?
30
In base 4, what is -1313 - 3?
-1322
In base 7, what is 130 - -2?
132
In base 4, what is -101012 + -11?
-101023
In base 5, what is -24 + -124?
-203
In base 6, what is -5 - -15?
10
In base 8, what is 3 + 1561?
1564
In base 7, what is 2011 - -5?
2016
In base 11, what is 14 - 114?
-100
In base 3, what is 121 + -21?
100
In base 13, what is -2 - 91?
-93
In base 2, what is -1010100 + -1010?
-1011110
In base 12, what is -11 + 36?
25
In base 6, what is -33 - -53?
20
In base 15, what is -4 + 5?
1
In base 5, what is 10 - 11133?
-11123
In base 6, what is 21 - -4?
25
In base 16, what is -5 + b?
6
In base 10, what is -210 + 21?
-189
In base 4, what is 222 - 1000?
-112
In base 12, what is -19 - -6?
-13
In base 6, what is -10 - 1313?
-1323
In base 10, what is 1174 - 0?
1174
In base 13, what is -1 + -1157?
-1158
In base 5, what is -1100 - 1003?
-2103
In base 14, what is -966 - -7?
-95d
In base 16, what is -a5 - 1?
-a6
In base 7, what is -141 + -6?
-150
In base 7, what is 11 - 43?
-32
In base 12, what is 3aa - 4?
3a6
In base 5, what is 0 + 3432?
3432
In base 6, what is -5 + 3021?
3012
In base 6, what is -2010 + 4?
-2002
In base 15, what is 3a - 0?
3a
In base 13, what is -586 + 4?
-582
In base 13, what is 1a - -7?
24
In base 5, what is -13430 + 4?
-13421
In base 3, what is -10120 - -2002?
-1111
In base 13, what is 3 + -136?
-133
In base 16, what is e - -4?
12
In base 14, what is 199 - -4?
19d
In base 3, what is 22 + 2222?
10021
In base 9, what is -2 - -254?
252
In base 8, what is -5 - 134?
-141
In base 6, what is 104 - 3?
101
In base 6, what is 12433 - -5?
12442
In base 4, what is -3 - -320?
311
In base 16, what is -14 - -11?
-3
In base 3, what is -12 + 212000?
211211
In base 16, what is 2be + d?
2cb
In base 16, what is 2497 + 5?
249c
In base 9, what is 3238 - -6?
3245
In base 7, what is 531 + 6?
540
In base 4, what is -33 - 0?
-33
In base 3, what is 12 - -110?
122
In base 4, what is -11 + 123103?
123032
In base 5, what is 23240 + 1?
23241
In base 13, what is 5 + -a40?
-a38
In base 10, what is 1577 + -5?
1572
In base 10, what is 974 - -9?
983
In base 12, what is 38 + 24?
60
In base 8, what is -30 - 60?
-110
In base 2, what is 10 + -10011001?
-10010111
In base 4, what is -12 + 1030222?
1030210
In base 16, what is -3a + 4?
-36
In base 11, what is 11 - -512?
523
In base 9, what is -5 - 11?
-16
In base 11, what is -671 + -5?
-676
In base 15, what is 713 + -1?
712
In base 4, what is -301 + 23?
-212
In base 8, what is -40 + -26?
-66
In base 8, what is -5 - 45?
-52
In base 8, what is 3 - -42?
45
In base 7, what is -1623 + 20?
-1603
In base 9, what is 44 + -3?
41
In base 15, what is -b - -d3?
c7
In base 9, what is 800 - 0?
800
In base 14, what is 268 + -3?
265
In base 3, what is -10 + -1022?
-1102
In base 12, what is 5b - -3?
62
In base 4, what is 210 + 33?
303
In base 6, what is -330 - 10?
-340
In base 14, what is -64 - -7?
-5b
In base 16, what is 1 - a2?
-a1
In base 4, what is 11322303 - 1?
11322302
In base 13, what is -c61 + 4?
-c5a
In base 10, what is -10 - 483?
-493
In base 15, what is 1e1 - 4?
1dc
In base 9, what is -3 - -24?
21
In base 7, what is 110 - -102?
212
In base 16, what is -1 + -31?
-32
In base 6, what is -41525 - 4?
-41533
In base 9, what is -2284 - 1?
-2285
In base 4, what is -2 - -303?
301
In base 8, what is 1644 - 0?
1644
In base 8, what is 31462 + -5?
31455
In base 9, what is -23 + -5?
-28
In base 2, what is -10110 - 10?
-11000
In base 11, what is -842 + -5?
-847
In base 3, what is 0 + -212022?
-212022
In base 6, what is 40 - 43?
-3
In base 6, what is -42 + 40?
-2
In base 15, what is -164 + -1?
-165
In base 15, what is 3 + -146?
-143
In base 10, what is -3 - -7?
4
In base 6, what is -544 - 4?
-552
In base 8, what is 40 + 3?
43
In base 9, what is 37 - 114?
-66
In base 8, what is 2154 - 2?
2152
In base 15, what is c + -2?
a
In base 12, what is -50 + 2?
-4a
In base 3, what is -20 + 101?
11
In base 7, what is -35 - -16?
-16
In base 3, what is 2021111120 - -10?
2021111200
In base 5, what is 10 - 41204?
-41144
In base 12, what is 6 - 330?
-326
In base 7, what is -20 - 3?
-23
In base 2, what is 11 + -11100010?
-11011111
In base 16, what is -5 - 155?
-15a
In base 8, what is 2 + 150?
152
In base 14, what is 41 + 0?
41
In base 6, what is -142 - 4?
-150
In base 11, what is -22 - -2?
-20
In base 4, what is -10 + 21332?
21322
In base 6, what is -222255 + -1?
-222300
In base 5, what is -12122 - -4?
-12113
In base 3, what is 1010 - -11?
1021
In base 11, what is -2727 - 1?
-2728
In base 14, what is c - -46?
54
In base 15, what is -6 + -a40?
-a46
In base 14, what is 6 + 210?
216
In base 7, what is -4 - 365?
-402
In base 11, what is -30 - 590?
-610
In base 5, what is -110 + -233?
-343
In base 12, what is 5 + -3278?
-3273
In base 10, what is 3 - 188?
-185
In base 10, what is -4 + -224?
-228
In base 16, what is 244 - -1?
245
In base 4, what is -2011 - 3?
-2020
In base 3, what is -2210002 + -1?
-2210010
In base 3, what is -2 + -22101?
-22110
In base 2, what is 110010100 + -101?
110001111
In base 14, what is 1b5 - -b?
1c2
In base 4, what is 12 - -111?
123
In base 4, what is -2 - 1010?
-1012
In base 5, what is -1241 - 1?
-1242
In base 8, what is 56 - 17?
37
In base 8, what is -223 + 7?
-214
In base 6, what is 150 - 14?
132
In base 9, what is 5 + -25?
-20
In base 11, what is 84 - 2?
82
In base 15, what is 34e - -5?
354
In base 16, what is 3 - -60?
63
In base 5, what is -2102 + 3?
-2044
In base 6, what is -250 - 2?
-252
In base 6, what is 5 - -32?
41
In base 5, what is -30 + -12?
-42
In base 8, what is -15 - -43?
26
In base 6, what is 114 - 23?
51
In base 11, what is -18 + -54?
-71
In base 16, what is 4 + 144c?
1450
In base 7, what is 0 + -23?
-23
In base 6, what is 0 - 223?
-223
In base 13, what is -12c3 - -1?
-12c2
In base 3, what is 1010121 - -11?
1010202
In base 5, what is -341 - 11?
-402
In base 11, what is -1a - 8?
-27
In base 13, what is -4 + 34?
30
In base 16, what is 3 - e3?
-e0
In base 3, what is -20 + -20001?
-20021
In base 9, what is 10 + 50?
60
In base 6, what is -3 - 2002?
-2005
In base 14, what is -2131 + -5?
-2136
In base 6, what is -515 + 2?
-513
In base 4, what is -12 + 333223?
333211
In base 14, what is -3 + -242?
-245
In base 7, what is -53 - -3?
-50
In base 13, what is 6 - 33?
-2a
In base 11, what is -364 - -3?
-361
In base 9, what is -45 - -13?
-32
In base 11, what is 25445 - 3?
25442
In base 11, what is 2 + -25?
-23
In base 6, what is 1 - 11141?
-11140
In base 8, what is -12 + 567?
555
In base 5, what is -4 - 143?
-202
In base 15, what is 8 - 5d?
-55
In base 4, what is -2 - 3210?
-3212
In base 2, what is 111100001 - 0?
111100001
In base 6, what is 2 - -54205?
54211
In base 4, what is -10 - 10210?
-10220
In base 3, what is 10 - -1022?
1102
In base 11, what is -7 + -200?
-207
I